 5*h - 16. What is j(-3)?
-145
Let y(m) = 2*m + 5. Calculate y(0).
5
Let z(n) = n**3 - 12*n**2 - 13*n + 27. Give z(13).
27
Let y(b) = -2*b**2 + 9*b + 3. What is y(4)?
7
Let q(s) = -5*s**3 - s + 2. Calculate q(1).
-4
Let c(r) = -r + 2. Determine c(0).
2
Let k(w) = -2*w**2 - 2*w - 30. What is k(-4)?
-54
Let y(r) = -35*r - 77. Give y(-2).
-7
Let b(q) = q**3 + 7*q**2 + 6*q + 5. Determine b(-6).
5
Let h(j) = -266*j + 2655. Calculate h(10).
-5
Let h(v) = v**2 + 22*v + 43. Calculate h(-20).
3
Let i(d) = -d**2 - 24*d - 99. What is i(-19)?
-4
Let d(n) = n**2 + 3*n + 7. Give d(-3).
7
Let a(c) = -c**2 + 13*c + 49. Give a(18).
-41
Let r(c) = 3*c - 56. Calculate r(21).
7
Let v(y) = -6*y**2 + 15*y - 2. Calculate v(4).
-38
Let u(l) = -l**3 + 8*l**2 + 11*l - 9. Calculate u(9).
9
Let b(h) = -h**2 + 9*h - 19. Determine b(6).
-1
Let d(i) = -14*i + 1. Calculate d(-2).
29
Let n(i) = i**2 + 3*i - 3. Calculate n(-7).
25
Let c(i) = 2*i**2 + 5*i - 4. Calculate c(-4).
8
Let b(s) = 2*s**3 + 57*s**2 - 29*s + 10. Determine b(-29).
10
Let v(g) = -g**3 - 3*g**2 + 3*g + 2. Calculate v(2).
-12
Let k(m) = m**3 + 6*m**2 + m - 7. What is k(-5)?
13
Let w(q) = -q**2 - 8*q - 4. Calculate w(-8).
-4
Let a(q) = -q**2 - 16*q + 96. Give a(5).
-9
Let z(u) = u**3 + 30*u**2 + 28*u - 28. Calculate z(-29).
1
Let d(z) = 235*z - 248. Determine d(1).
-13
Let c(b) = 3*b + 21. What is c(-7)?
0
Let m(u) = 2*u**3 - 35*u**2 - 58*u + 28. Determine m(19).
9
Let k(n) = 4*n + 43. Calculate k(4).
59
Let o(n) = -2*n - 38. What is o(-18)?
-2
Let o(r) = 6*r**2 - 21*r + 7. Calculate o(3).
-2
Let h(s) = s**2 - 16*s + 11. Calculate h(14).
-17
Let v(l) = l**3 - 43*l**2 - 46*l + 97. Determine v(44).
9
Let g(m) = -m**2 + 4*m - 6. What is g(3)?
-3
Let s(c) = 6*c**2 + 18*c + 7. What is s(-2)?
-5
Let m(f) = 7*f**2 - 8*f - 8. Determine m(-3).
79
Let z(c) = 4*c - 16. Calculate z(7).
12
Let q(d) = d**3 - 15*d**2 + 37*d + 19. Determine q(12).
31
Let o(j) = -j + 11. Calculate o(6).
5
Let l(r) = 13*r + 26. What is l(-10)?
-104
Let x(k) = k**2 + 17*k + 20. Give x(-15).
-10
Let n(v) = -v**3 + 7*v**2 - 4*v + 22. What is n(6)?
34
Let y(c) = -2*c**2 - 14*c - 57. Determine y(-7).
-57
Let z(g) = g**2 + 23*g + 119. Determine z(-15).
-1
Let t(w) = w**3 + 11*w**2 - 26*w - 19. What is t(-13)?
-19
Let t(s) = -s + 7. Determine t(10).
-3
Let n(o) = -6*o**2 + 19*o - 15. Determine n(6).
-117
Let g(o) = -o**3 + 5*o**2 - 6*o + 8. Give g(4).
0
Let j(f) = 7*f - 33. Calculate j(0).
-33
Let s(o) = -o**3 + 3*o**2 - o - 3. Determine s(4).
-23
Let p(r) = r**2 + 9*r + 7. What is p(-9)?
7
Let r(k) = -6*k + 29. Calculate r(6).
-7
Let b(z) = 2*z**3 + z**2 - z - 27. Determine b(0).
-27
Let t(r) = 3*r. Give t(7).
21
Let h(c) = 3*c - 78. Calculate h(24).
-6
Let p(c) = 5*c**3 - 115*c**2 - c + 21. Give p(23).
-2
Let c(h) = h**2 - 22*h + 42. Give c(22).
42
Let p(t) = -2*t**3 - 4*t**2 + 6*t - 2. Give p(2).
-22
Let l(y) = -y**3 - 2*y**2 + 8*y. Give l(-4).
0
Let z(b) = b**3 - 10*b**2 + 10*b + 13. Determine z(9).
22
Let w(y) = -y**3 - 4*y**2 - 5. Calculate w(-4).
-5
Let k(j) = -j**3 + 7*j**2 - 6*j + 15. Give k(6).
15
Let k(s) = -s**3 - 5*s**2 + 30*s + 25. Determine k(-8).
-23
Let j(z) = z**2 - 31*z - 187. Give j(-5).
-7
Let j(d) = d - 13. What is j(12)?
-1
Let i(u) = u**2 + 10*u - 22. What is i(-11)?
-11
Let x(r) = r**2 - r - 3. Give x(-2).
3
Let m(b) = 5*b + 1. Determine m(2).
11
Let t(i) = -i**3 + 6*i**2 + 39*i + 13. Calculate t(10).
3
Let c(m) = m - 14. Determine c(8).
-6
Let w(x) = 17*x - 37. Give w(10).
133
Let o(y) = 5*y**2 + 52*y - 53. Calculate o(1).
4
Let d(b) = -20*b - 8. What is d(-4)?
72
Let a(l) = -l**2 + 11*l - 35. Calculate a(6).
-5
Let s(x) = x**2 + 9*x - 4. What is s(-9)?
-4
Let q(s) = -s + 20. What is q(20)?
0
Let q(y) = 12*y**2 + 2*y - 1. Determine q(2).
51
Let n(m) = -3*m - 40. Calculate n(-12).
-4
Let v(n) = -n**3 + 6*n**2 + 6*n - 8. Calculate v(7).
-15
Let c(b) = b - 9. Calculate c(-5).
-14
Let g(m) = m**2 + 48. Calculate g(0).
48
Let p(j) = -2*j + 23. Determine p(11).
1
Let q(l) = l + 29. Calculate q(18).
47
Let w(o) = 4*o**2 + 54*o + 19. What is w(-13)?
-7
Let s(g) = 6*g - 25. Calculate s(5).
5
Let k(o) = -o**3 + 10*o**2 - 7*o - 5. What is k(7)?
93
Let o(i) = -i**3 + 7*i**2 - 7*i. Calculate o(6).
-6
Let n(l) = l + 4. What is n(4)?
8
Let y(m) = -21*m**3 - 3*m**2 - 5*m - 1. Give y(-1).
22
Let h(v) = -21*v - 2. Give h(-1).
19
Let h(i) = 2*i - 8. Give h(9).
10
Let f(d) = -5*d**2 - d - 2. Give f(2).
-24
Let k(l) = l**2 - 12*l + 13. What is k(11)?
2
Let u(l) = -l**3 - 5*l**2 + 3*l + 2. Calculate u(-5).
-13
Let t(s) = 8*s**3 + 3*s**2 - 3*s - 1. Give t(-2).
-47
Let c(m) = m**2 - 21*m - 21. Determine c(21).
-21
Let w(h) = -18*h + 58. What is w(3)?
4
Let l(a) = a + 22. Determine l(-17).
5
Let q(i) = 12*i - 2. Determine q(-2).
-26
Let k(i) = 3*i**3 + 6*i**2 + 10*i + 6. Determine k(-2).
-14
Let h(s) = -s**3 + 24*s**2 + 3*s - 49. Determine h(24).
23
Let m(t) = -t**2 + 7*t - 11. Calculate m(8).
-19
Let a(v) = -v**3 + 20*v**2 - 6*v + 100. What is a(20)?
-20
Let j(t) = 2*t + 6. What is j(12)?
30
Let u(w) = -w + 34. Calculate u(0).
34
Let n(b) = -11*b + 2. Give n(1).
-9
Let x(p) = 5*p**3 - p**2 + p + 1. Determine x(1).
6
Let s(m) = m**2 - 8*m - 12. Calculate s(11).
21
Let s(l) = -8*l + 7. Give s(-4).
39
Let v(y) = -y**3 + 7*y**2 + 10*y - 18. Calculate v(8).
-2
Let j(s) = -6*s**2 - 2*s - 1. Determine j(2).
-29
Let s(m) = -15*m + 18. Determine s(7).
-87
Let p(g) = g**2 - 19*g - 2. Calculate p(19).
-2
Let q(i) = i - 5. What is q(-9)?
-14
Let x(s) = 19*s**3 + 26*s**2 - 27*s + 2. Determine x(1).
20
Let c(h) = 2*h**2 + 2*h - 7. Determine c(-3).
5
Let x(l) = -l**3 + 3*l**2 - 6*l + 17. Give x(3).
-1
Let a(j) = 27*j**2 - j. Give a(1).
26
Let h(b) = -b**2 + 29*b + 29. Determine h(30).
-1
Let h(a) = -a**2 + 9*a - 2. Calculate h(9).
-2
Let u(d) = d**2 + 31*d - 69. Give u(-33).
-3
Let j(l) = 14*l - 121. Determine j(8).
-9
Let x(y) = -2*y - 14. Calculate x(-10).
6
Let c(p) = -p**2 - 4*p + 8. Give c(7).
-69
Let q(l) = -12*l - 223. What is q(-19)?
5
Let l(r) = -r**3 + 16*r**2 - 21*r + 31. Calculate l(15).
-59
Let t(z) = 3*z**2 - 7*z + 4. Give t(1).
0
Let n(h) = -h**3 + 7*h**2 - 2*h - 8. Determine n(6).
16
Let w(x) = x**3 + 10*x**2 + 13*x + 24. Give w(-7).
80
Let v(y) = -y**2 + 8*y + 10. Determine v(11).
-23
Let t(g) = g**2 + 6*g + 8. What is t(7)?
99
Let w(z) = -z**3 - 6*z**2 - 2*z + 4. Calculate w(-5).
-11
Let s(z) = z**2 + 4*z + 6. Determine s(0).
6
Let s(o) = -2*o**2 - 12*o - 18. Calculate s(-3).
0
Let o(y) = -2*y**3 + 6*y**2 + 8*y - 27. Give o(3).
-3
Let t(s) = 2*s + 23. What is t(-15)?
-7
Let a(f) = 3*f - 15. Give a(9).
12
Let g(w) = -w**3 - 9*w**2 - 7*w + 8. What is g(-8)?
0
Let h(j) = -j**2 + j + 3. Determine h(9).
-69
Let y(k) = -k**3 + 9*k**2 - 7*k - 10. Determine y(8).
-2
Let k(d) = -3*d**2 + 8*d - 24. Calculate k(6).
-84
Let q(p) = 8*p**3 - 3*p**2 - 9*p - 9. What is q(-2)?
-67
Let c(x) = -x**2 - 3*x + 2. Determine c(1).
-2
Let k(u) = u**3 - 11*u**2 + 11*u + 7. What is k(9)?
-56
Let n(j) = 3*j + 15. Determine n(-4).
3
Let w(r) = 3*r + 1. Determine w(1).
4
Let d(p) = 5*p + 15. Give d(-6).
-15
Let o(r) = 12*r + 78. Give o(-6).
6
Let m(h) = -h**3 - 13*h**2 + 2*h - 4. Give m(-13).
-30
Let x(w) = -4*w + 51. Determine x(13).
-1
Let o(c) = 2*c**2 + 30*c - 3. Give o(-15).
-3
Let w(h) = -h**3 + 10*h**2 + 9*h + 17. Calculate w(11).
-5
Let a(w) = 2*w**2 + 4*w + 3. Determine a(-3).
9
Let r(b) = -b**3 + 3*b**2 + 7*b - 9. Calculate r(6).
-75
Let z(r) = -r**3 - r**2 + 3*r - 4. What is z(3)?
-31
Let a(n) = 14*n - 7. Determine a(-3).
-49
Let j(o) = o**2 + 18*o + 35. Determine j(-16).
3
Let s(r) = 3*r - 60. Determine s(13).
-21
Let s(u) = -u + 20. Give s(-24).
44
Let m(h) = 4*h**3 - 48*h**2 - 3*h - 3. Calculate m(12).
-39
Let f(n) = -12*n**2 + 19*n - 2. Give f(1).
5
Let q(r) = -r**3 + r**2 + r - 3. Determine q(2).
-5
Let l(i) = -2*i - 8. What is l(-5)?
2
Let u(p) = 2*p**3 + 2*p**2 - 2*p + 2. Determine u(2).
22
Let b(i) = i**3 - 8*i**2 - 36*i - 6. What is b(-3)?
3
Let t(n) = n**3 - 13*n**2 + 31*n - 4. What is t(10)?
6
Let a(s) = -s**3 - 40*s**2 - 31*s + 316. Calculate a(-39).
4
Let g(k) = -k - 9. What is g(-7)?
-2
Let c(b) = 3*b**2 + 109*b + 34. Determine c(-36).
-2
Let i(p) = -45*p - 321. What is i(-7)?
-6
Let y(t) = t**2 - 5*t - 5. Give y(7).
9
Let f(p) = 2*p**2 - 60*p +